 (-32)/3. Let k = 241 - 214. Let y = l + k. What is the highest common divisor of y and 40?
8
Suppose a = 105 + 71. Let d(r) = 4*r**2 + r + 51. Let k be d(-6). Let h = k - 145. Calculate the highest common divisor of h and a.
44
Suppose -7*x - 2*x = -90. Suppose 175 = 37*w - x. Calculate the highest common factor of w and 295.
5
Suppose 0 = -14*x + 855 + 937. Let l be x - 0*2/(-4). What is the highest common factor of 1 and l?
1
Suppose 12*r - 5*u - 236206 = 6*r, 157460 = 4*r + 2*u. What is the highest common divisor of r and 324?
162
Let i be 2/(-3)*6 - -9. Suppose -6*t + 11*t = 15, 93 = x - i*t. Calculate the highest common divisor of x and 8.
4
Let s = -6503 + 6533. What is the highest common factor of s and 24?
6
Suppose 2*p + 2*l - 38 = l, 0 = 4*p + 5*l - 64. Let m = 332 - 171. Let r be m + (0 - -2) - (-19 - -14). What is the highest common factor of r and p?
21
Let a(s) = s**3 + 6*s**2 - 2*s + 20. Let j be a(-6). Let c be ((-124)/93)/(2 - j/15). What is the greatest common divisor of 4 and c?
2
Suppose 12*r - 18293 - 162846 = 19957. What is the highest common divisor of r and 63?
63
Let d(c) = -11*c + 12*c**3 + 8 - 14*c**3 + 26*c - 7*c**2. Let y be d(-5). Calculate the highest common factor of y and 224.
8
Let o = 410 + -343. Suppose -4*q + o = -41. What is the greatest common factor of 135 and q?
27
Let k be 2 - -205*1 - -2. Suppose -v + 191 = 2*y, 3*y + 4*v - 406 + 117 = 0. Suppose 6*x + y = 11*x. What is the highest common factor of x and k?
19
Suppose -4*d = -20*w + 21*w - 1099, d - 272 = -3*w. Let q = d - 223. What is the highest common divisor of 182 and q?
26
Let t = 280 - 544. Let l = -234 - t. What is the greatest common divisor of l and 90?
30
Let f = -6437 + 8480. What is the greatest common factor of f and 45?
9
Suppose 5*n - 2 = -4*l, 3 = -3*l + 4*l. Let v(u) = 4 + 0 - 23*u - 23*u. Let i be v(n). Calculate the greatest common divisor of 12 and i.
12
Let v(h) = -139*h + 2661. Let d be v(19). Calculate the highest common factor of 8620 and d.
20
Let r = 62 + -56. Suppose 120 = r*p - 3*p. Let m = -7 + p. Calculate the greatest common divisor of m and 165.
33
Let n(c) = 187*c + 8975. Let a be n(-45). What is the highest common divisor of a and 420?
140
Suppose -a + q = -68, -449*a = -451*a - 3*q + 126. Let b = -43 - -131. What is the highest common factor of a and b?
22
Let q be 3 + (134/(-6))/((-2)/(-6)). Let n = q + 68. Suppose 5*h - 23 - 9 = u, n*h - 13 = 5*u. Calculate the greatest common divisor of 28 and h.
7
Suppose -65*j + 30 = -60*j - t, -4*j = 5*t + 34. Let b = 4 - 0. What is the highest common factor of b and j?
4
Let o(m) be the second derivative of m**5/20 - m**4/3 + 7*m**3/3 - 3*m**2/2 - 241*m. Let h be o(6). Calculate the highest common divisor of 36 and h.
9
Let z(w) = 90*w - 18. Let r be z(2). Let l(y) = y**2 + 9*y - 52. Let m be l(-14). Calculate the greatest common factor of r and m.
18
Let p = 3980 - 425. Calculate the greatest common factor of p and 75.
15
Let o = -611 + 747. Calculate the greatest common divisor of 442 and o.
34
Let p be 3*-22*(-56)/84. Let w be 20*(5/(-4) + 4). What is the highest common factor of p and w?
11
Suppose -3*y - 9*w = -597, 4*y - 5*y + 193 = -3*w. Calculate the highest common divisor of y and 56.
28
Let t be 1 + (1 + -1 - -4249). Suppose -13*x + 18*x = t. Calculate the greatest common divisor of x and 50.
50
Let h = 41 + -40. Let u be h/2 - (-4)/(-8). Suppose -q + 3*l = -15, u = -2*q + 4*l + 3 + 25. Calculate the highest common factor of q and 60.
12
Suppose 30*t - 157 = -37. Suppose -3*r - 4*v + 9*v + 127 = 0, -5*r - t*v = -187. What is the highest common divisor of r and 6?
3
Let w(z) = -38078*z - 76132. Let i be w(-2). Let q(h) = 5*h - 8. Let g be q(7). Calculate the highest common factor of i and g.
3
Let f = -24464 - -24566. Calculate the greatest common factor of 2295 and f.
51
Let s(u) = u**2 + 4*u - 20. Let r be s(-8). Let l(b) = -b**2 - 29*b - 88. Let c be l(-24). Calculate the highest common divisor of c and r.
4
Suppose -17*h = -16*h + 88. Let j = h + 81. Let s be 0 + 3 - 28/j. Calculate the greatest common divisor of s and 2.
1
Let s = 7 + -3. Suppose 20 = -4*t, s*y + 4*t + 14 = -2. Suppose -6600*o = -6634*o + 136. Calculate the greatest common divisor of o and y.
1
Suppose 33 + 196 = -123*g - 17. Let x be 32/(-12)*(-9)/(-4). Let t be (-507)/g - -2 - x/(-12). Calculate the highest common divisor of 51 and t.
51
Let t be 51*1110/150 + (-14)/10 + 2. What is the highest common divisor of t and 9198?
126
Let l be 2156/147*12/8. What is the highest common factor of l and 166?
2
Let c(t) = t**3 + 23*t**2 - 43*t + 184. Let x be c(-24). What is the greatest common divisor of x and 400?
80
Suppose 3*q - 2*z + 117 = z, 5*q = 3*z - 205. Let o be (2 + q)*20/(-40). Let c be (14/(-3))/(1/(-3)). What is the highest common factor of c and o?
7
Suppose -58*x - 79*x + 6363 = -36*x. Calculate the greatest common factor of 1953 and x.
63
Suppose 1088 = -823*v + 827*v. What is the greatest common divisor of v and 44336?
272
Let s = -8669 + 8702. What is the highest common factor of 1353 and s?
33
Let j = -308 - -438. Suppose j = 8*s - 14. What is the highest common factor of 288 and s?
18
Let d = -85 + 124. Suppose 3*w = -t + 154, 137*w - 3*t - 162 = 134*w. Calculate the greatest common factor of w and d.
13
Suppose -4*k - 80 = -12*k. Let u be 3/((-6)/(-70)) + -5. Calculate the greatest common divisor of u and k.
10
Let p be 9 + 182/(-210) + (-2)/15. Let s be (4 - (-75)/(-20)) + 2172/16. Calculate the highest common factor of s and p.
8
Let s(j) be the third derivative of -j**6/120 - 17*j**5/60 + 17*j**4/24 - j**3 - 40*j**2. Let z be s(-18). What is the greatest common divisor of z and 372?
12
Let m(x) = -x**2 + 3*x + 57. Let z be m(8). Suppose -z*f + 2*f + 3645 = 0. What is the highest common divisor of 3 and f?
3
Let k be (4/6)/((-28)/(-168)). Suppose -k*w + 4*a = -124, -4*w - 4*a = -25 - 139. Let y be 5/10*90/(3/3). What is the highest common factor of y and w?
9
Suppose -22*d = -5 - 52 - 75. Calculate the highest common divisor of 5862 and d.
6
Suppose -5*w + 7*w = -5*d - 3592, -2*d + 3*w = 1433. Let m = d + 778. What is the highest common divisor of m and 320?
20
Let b(m) = -70*m + 398. Let l be b(5). Let c(y) = 6*y. Let k be c(4). Calculate the greatest common divisor of l and k.
24
Let s = 19 + -11. Suppose -19*q + 20*q - 49 = 0. Suppose 0 = 2*h - 2*u - q - 55, -5*h + u + 276 = 0. Calculate the greatest common divisor of h and s.
8
Let j be (12/9)/((-5)/(-390)). Let k(y) = -24*y - 22. Let c be k(-2). Suppose 0 = -9*p + 8*p + c. What is the highest common divisor of j and p?
26
Let c be (-162)/(2/((-5)/((-5)/(-2)))). What is the greatest common divisor of 12312 and c?
162
Let n(p) = p**2 + 29*p - 65. Let x be n(-39). Let d = x - 313. Suppose 0*m + 192 = 2*m. Calculate the highest common factor of d and m.
12
Let t be -12*(3 + -5 - 99/4). Suppose 4*c = 2*u - 294, -2*u = 5*c - 0*c - t. Calculate the highest common factor of 36 and u.
9
Let u = 46 + -25. Let b = u - 21. Suppose 6*o - 3*o - 57 = b. Calculate the highest common divisor of o and 38.
19
Suppose 0 = 2*y - 0*y - 5*l - 145, 0 = 2*y + 3*l - 137. Calculate the highest common divisor of y and 2835.
35
Let q(f) = f**3 + 81*f**2 - 156*f + 915. Let j be q(-83). What is the highest common factor of j and 68?
17
Let t = -21193 - -21209. Calculate the greatest common factor of t and 592.
16
Let n(r) = 50*r + 69. Let o be n(5). Let f = 325 + o. What is the greatest common divisor of f and 28?
28
Suppose -33*w + 3328 = -1402 + 968. Calculate the greatest common divisor of w and 2907.
57
Let k be 1194226/950 + 1/((-75)/6). Calculate the highest common divisor of 12 and k.
3
Let h be 28/(-126) - 1/((-9)/(-2383)). Let w = -251 - h. Calculate the greatest common factor of 378 and w.
14
Let x(p) = -14*p**2 - 193*p - 1. Let u(s) = 8*s**2 + 96*s + 1. Let o(v) = 5*u(v) + 3*x(v). Let f be o(-49). Calculate the highest common factor of 136 and f.
17
Let r be 1 - 5*(2 - 4) - 1. Suppose 0 = 8*k + r*k - 252. What is the highest common divisor of k and 266?
14
Let x(u) = -15*u - 55. Let h be x(-4). Suppose -3 = h*n - 8. What is the highest common factor of 8 and n?
1
Suppose 32*u = 40*u - 8. Let h be u/6 - (389/(-6) - 1). What is the greatest 